{"id":208268,"date":"2026-03-12T11:05:39","date_gmt":"2026-03-12T14:05:39","guid":{"rendered":"https:\/\/embarcados.com.br\/?post_type=cafe&#038;p=208268"},"modified":"2026-03-12T11:05:45","modified_gmt":"2026-03-12T14:05:45","slug":"do-assembly-aos-projetos-atuais-a-evolucao-dos-projetos-de-quem-escova-bit-na-pratica","status":"publish","type":"cafe","link":"https:\/\/embarcados.com.br\/es\/cafe\/do-assembly-aos-projetos-atuais-a-evolucao-dos-projetos-de-quem-escova-bit-na-pratica\/","title":{"rendered":"Do assembly aos projetos atuais: A evolu\u00e7\u00e3o dos projetos de quem escova bit na pr\u00e1tica"},"content":{"rendered":"\n<p>Neste caf\u00e9 recebemos Ricardo de Milano, Engenheiro de Aplica\u00e7\u00e3o na Autcomp para um super bate-papo sobre: \u00abDo assembly aos projetos atuais: A evolu\u00e7\u00e3o dos projetos de quem escova bit na pr\u00e1tica\u00bb<\/p>\n\n\n\n<figure class=\"wp-block-embed is-type-video is-provider-youtube wp-block-embed-youtube wp-embed-aspect-16-9 wp-has-aspect-ratio\"><div class=\"wp-block-embed__wrapper\">\n<span class=\"UifWcS376wJQG15jLlEukY2HCBx4qeOKtba8FXvVgmoRnTD9MrhpZdAzPN\"><iframe title=\"Do assembly aos projetos atuais: A evolu\u00e7\u00e3o dos projetos de quem escova bit na pr\u00e1tica\" width=\"640\" height=\"360\" src=\"https:\/\/www.youtube.com\/embed\/9kH_s-TtvPw?feature=oembed\" frameborder=\"0\" allow=\"accelerometer; autoplay; clipboard-write; encrypted-media; gyroscope; picture-in-picture; web-share\" referrerpolicy=\"strict-origin-when-cross-origin\" allowfullscreen><\/iframe><\/span>\n<\/div><\/figure>\n","protected":false},"excerpt":{"rendered":"<p>Neste caf\u00e9 recebemos Ricardo de Milano, Engenheiro de Aplica\u00e7\u00e3o na Autcomp para um super bate-papo sobre: \u00abDo assembly aos projetos atuais: A evolu\u00e7\u00e3o dos projetos de quem escova bit na pr\u00e1tica\u00bb<\/p>\n","protected":false},"author":29,"featured_media":0,"comment_status":"open","ping_status":"closed","template":"","format":"video","meta":{"_acf_changed":false},"categories":[],"tags":[],"class_list":["post-208268","cafe","type-cafe","status-publish","format-video","hentry"],"acf":[],"_links":{"self":[{"href":"https:\/\/embarcados.com.br\/es\/wp-json\/wp\/v2\/cafe\/208268","targetHints":{"allow":["GET"]}}],"collection":[{"href":"https:\/\/embarcados.com.br\/es\/wp-json\/wp\/v2\/cafe"}],"about":[{"href":"https:\/\/embarcados.com.br\/es\/wp-json\/wp\/v2\/types\/cafe"}],"author":[{"embeddable":true,"href":"https:\/\/embarcados.com.br\/es\/wp-json\/wp\/v2\/users\/29"}],"replies":[{"embeddable":true,"href":"https:\/\/embarcados.com.br\/es\/wp-json\/wp\/v2\/comments?post=208268"}],"wp:attachment":[{"href":"https:\/\/embarcados.com.br\/es\/wp-json\/wp\/v2\/media?parent=208268"}],"wp:term":[{"taxonomy":"category","embeddable":true,"href":"https:\/\/embarcados.com.br\/es\/wp-json\/wp\/v2\/categories?post=208268"},{"taxonomy":"post_tag","embeddable":true,"href":"https:\/\/embarcados.com.br\/es\/wp-json\/wp\/v2\/tags?post=208268"}],"curies":[{"name":"wp","href":"https:\/\/api.w.org\/{rel}","templated":true}]}}

Do assembly aos projetos atuais: A evolução dos projetos de quem escova bit na prática

<p>Neste café recebemos Ricardo de Milano, Engenheiro de Aplicação na Autcomp para um super bate-papo sobre: «Do assembly aos projetos atuais: A evolução dos projetos de quem escova bit na prática»</p>



<figure class="wp-block-embed is-type-video is-provider-youtube wp-block-embed-youtube wp-embed-aspect-16-9 wp-has-aspect-ratio"><div class="wp-block-embed__wrapper">
<span class="UifWcS376wJQG15jLlEukY2HCBx4qeOKtba8FXvVgmoRnTD9MrhpZdAzPN"><iframe title="Do assembly aos projetos atuais: A evolução dos projetos de quem escova bit na prática" width="640" height="360" src="https://www.youtube.com/embed/9kH_s-TtvPw?feature=oembed" frameborder="0" allow="accelerometer; autoplay; clipboard-write; encrypted-media; gyroscope; picture-in-picture; web-share" referrerpolicy="strict-origin-when-cross-origin" allowfullscreen></iframe></span>
</div></figure>

<p>Neste café recebemos Ricardo de Milano, Engenheiro de Aplicação na Autcomp para um super bate-papo sobre: «Do assembly aos projetos atuais: A evolução dos projetos de quem escova bit na prática»</p>
