{"id":204589,"date":"2025-05-19T15:33:21","date_gmt":"2025-05-19T18:33:21","guid":{"rendered":"https:\/\/embarcados.com.br\/?post_type=cafe&#038;p=204589"},"modified":"2025-11-25T08:55:48","modified_gmt":"2025-11-25T11:55:48","slug":"0x99-engenharia-de-aplicacao-projeto-e-fabricacao-de-antena","status":"publish","type":"cafe","link":"https:\/\/embarcados.com.br\/en\/cafe\/0x99-engenharia-de-aplicacao-projeto-e-fabricacao-de-antena\/","title":{"rendered":"0x99 &#8211; Engenharia de aplica\u00e7\u00e3o: Projeto e Fabrica\u00e7\u00e3o de antena"},"content":{"rendered":"\n<p>Neste caf\u00e9 recebemos Lucas Claudino, Engenheiro de Aplica\u00e7\u00e3o LATAM na MIOT Wireless Solutions para um super bate-papo sobre: &#8220;Engenharia de aplica\u00e7\u00e3o: Projeto e Fabrica\u00e7\u00e3o de antenas.&#8221;<\/p>\n\n\n\n<figure class=\"wp-block-embed is-type-video is-provider-youtube wp-block-embed-youtube wp-embed-aspect-16-9 wp-has-aspect-ratio\"><div class=\"wp-block-embed__wrapper\">\n<span class=\"yR6FW3SvhoVgHQkAUsezjELJXdZt5x4puml7OcM2bINCTfqi0B8Gn\"><iframe title=\"0X99 - Engenharia de aplica\u00e7\u00e3o: Projeto e Fabrica\u00e7\u00e3o de antenas\" width=\"640\" height=\"360\" src=\"https:\/\/www.youtube.com\/embed\/-OCqdc3wjeA?feature=oembed\" frameborder=\"0\" allow=\"accelerometer; autoplay; clipboard-write; encrypted-media; gyroscope; picture-in-picture; web-share\" referrerpolicy=\"strict-origin-when-cross-origin\" allowfullscreen><\/iframe><\/span>\n<\/div><\/figure>\n","protected":false},"excerpt":{"rendered":"<p>Neste caf\u00e9 recebemos Lucas Claudino, Engenheiro de Aplica\u00e7\u00e3o LATAM na MIOT Wireless Solutions para um super bate-papo sobre: &#8220;Engenharia de aplica\u00e7\u00e3o: Projeto e Fabrica\u00e7\u00e3o de antenas.&#8221;<\/p>\n","protected":false},"author":29,"featured_media":0,"comment_status":"open","ping_status":"closed","template":"","format":"video","meta":{"_acf_changed":false},"categories":[25647],"tags":[25895,25893,25894],"class_list":["post-204589","cafe","type-cafe","status-publish","format-video","hentry","category-cafe-com-embarcados","tag-engenharia-de-aplicacao","tag-fabricacao-de-antena","tag-projeto-e-fabricacao-de-antena"],"acf":[],"_links":{"self":[{"href":"https:\/\/embarcados.com.br\/en\/wp-json\/wp\/v2\/cafe\/204589","targetHints":{"allow":["GET"]}}],"collection":[{"href":"https:\/\/embarcados.com.br\/en\/wp-json\/wp\/v2\/cafe"}],"about":[{"href":"https:\/\/embarcados.com.br\/en\/wp-json\/wp\/v2\/types\/cafe"}],"author":[{"embeddable":true,"href":"https:\/\/embarcados.com.br\/en\/wp-json\/wp\/v2\/users\/29"}],"replies":[{"embeddable":true,"href":"https:\/\/embarcados.com.br\/en\/wp-json\/wp\/v2\/comments?post=204589"}],"wp:attachment":[{"href":"https:\/\/embarcados.com.br\/en\/wp-json\/wp\/v2\/media?parent=204589"}],"wp:term":[{"taxonomy":"category","embeddable":true,"href":"https:\/\/embarcados.com.br\/en\/wp-json\/wp\/v2\/categories?post=204589"},{"taxonomy":"post_tag","embeddable":true,"href":"https:\/\/embarcados.com.br\/en\/wp-json\/wp\/v2\/tags?post=204589"}],"curies":[{"name":"wp","href":"https:\/\/api.w.org\/{rel}","templated":true}]}}

0x99 &#8211; Engenharia de aplicação: Projeto e Fabricação de antena

<p>Neste café recebemos Lucas Claudino, Engenheiro de Aplicação LATAM na MIOT Wireless Solutions para um super bate-papo sobre: &#8220;Engenharia de aplicação: Projeto e Fabricação de antenas.&#8221;</p>



<figure class="wp-block-embed is-type-video is-provider-youtube wp-block-embed-youtube wp-embed-aspect-16-9 wp-has-aspect-ratio"><div class="wp-block-embed__wrapper">
<span class="yR6FW3SvhoVgHQkAUsezjELJXdZt5x4puml7OcM2bINCTfqi0B8Gn"><iframe title="0X99 - Engenharia de aplicação: Projeto e Fabricação de antenas" width="640" height="360" src="https://www.youtube.com/embed/-OCqdc3wjeA?feature=oembed" frameborder="0" allow="accelerometer; autoplay; clipboard-write; encrypted-media; gyroscope; picture-in-picture; web-share" referrerpolicy="strict-origin-when-cross-origin" allowfullscreen></iframe></span>
</div></figure>

<p>Neste café recebemos Lucas Claudino, Engenheiro de Aplicação LATAM na MIOT Wireless Solutions para um super bate-papo sobre: &#8220;Engenharia de aplicação: Projeto e Fabricação de antenas.&#8221;</p>
