{"id":207494,"date":"2025-11-18T09:09:58","date_gmt":"2025-11-18T12:09:58","guid":{"rendered":"https:\/\/embarcados.com.br\/?post_type=bancada&#038;p=207494"},"modified":"2025-11-25T08:53:14","modified_gmt":"2025-11-25T11:53:14","slug":"103-analise-e-especificacao-de-equipamentos-para-sua-bancada-de-eletronica","status":"publish","type":"bancada","link":"https:\/\/embarcados.com.br\/en\/bancada\/103-analise-e-especificacao-de-equipamentos-para-sua-bancada-de-eletronica\/","title":{"rendered":"103 &#8211; An\u00e1lise e Especifica\u00e7\u00e3o de Equipamentos para sua Bancada de Eletr\u00f4nica"},"content":{"rendered":"\n<p>Antes de escolher um equipamento, \u00e9 essencial entender o que realmente se espera dele. Nesta bancada especial vamos receber Rodrigo para discutir como realizar uma an\u00e1lise criteriosa das necessidades do laborat\u00f3rio \u2014 considerando precis\u00e3o, faixa de opera\u00e7\u00e3o, desempenho e custo \u2014 para especificar os equipamentos de forma assertiva.<\/p>\n\n\n\n<figure class=\"wp-block-embed is-type-video is-provider-youtube wp-block-embed-youtube wp-embed-aspect-16-9 wp-has-aspect-ratio\"><div class=\"wp-block-embed__wrapper\">\n<span class=\"koMCE4KJH8uU1cdVBRhzNsAWQxtn9fmIpZbeglTPySGYqXFj536w0OLav2r7D\"><iframe title=\"103 - An\u00e1lise e Especifica\u00e7\u00e3o de Equipamentos para sua Bancada de Eletr\u00f4nica\" width=\"640\" height=\"360\" src=\"https:\/\/www.youtube.com\/embed\/gZjn_Jx4kgM?feature=oembed\" frameborder=\"0\" allow=\"accelerometer; autoplay; clipboard-write; encrypted-media; gyroscope; picture-in-picture; web-share\" referrerpolicy=\"strict-origin-when-cross-origin\" allowfullscreen><\/iframe><\/span>\n<\/div><\/figure>\n","protected":false},"excerpt":{"rendered":"<p>Antes de escolher um equipamento, \u00e9 essencial entender o que realmente se espera dele. Nesta bancada especial vamos receber Rodrigo para discutir como realizar uma an\u00e1lise criteriosa das necessidades do laborat\u00f3rio \u2014 considerando precis\u00e3o, faixa de opera\u00e7\u00e3o, desempenho e custo \u2014 para especificar os equipamentos de forma assertiva.<\/p>\n","protected":false},"author":29,"featured_media":0,"comment_status":"open","ping_status":"closed","template":"","format":"video","meta":{"_acf_changed":false},"categories":[25737],"tags":[],"class_list":["post-207494","bancada","type-bancada","status-publish","format-video","hentry","category-bancada-do-embarcados"],"acf":[],"_links":{"self":[{"href":"https:\/\/embarcados.com.br\/en\/wp-json\/wp\/v2\/bancada\/207494","targetHints":{"allow":["GET"]}}],"collection":[{"href":"https:\/\/embarcados.com.br\/en\/wp-json\/wp\/v2\/bancada"}],"about":[{"href":"https:\/\/embarcados.com.br\/en\/wp-json\/wp\/v2\/types\/bancada"}],"author":[{"embeddable":true,"href":"https:\/\/embarcados.com.br\/en\/wp-json\/wp\/v2\/users\/29"}],"replies":[{"embeddable":true,"href":"https:\/\/embarcados.com.br\/en\/wp-json\/wp\/v2\/comments?post=207494"}],"wp:attachment":[{"href":"https:\/\/embarcados.com.br\/en\/wp-json\/wp\/v2\/media?parent=207494"}],"wp:term":[{"taxonomy":"category","embeddable":true,"href":"https:\/\/embarcados.com.br\/en\/wp-json\/wp\/v2\/categories?post=207494"},{"taxonomy":"post_tag","embeddable":true,"href":"https:\/\/embarcados.com.br\/en\/wp-json\/wp\/v2\/tags?post=207494"}],"curies":[{"name":"wp","href":"https:\/\/api.w.org\/{rel}","templated":true}]}}

103 &#8211; Análise e Especificação de Equipamentos para sua Bancada de Eletrônica

<p>Antes de escolher um equipamento, é essencial entender o que realmente se espera dele. Nesta bancada especial vamos receber Rodrigo para discutir como realizar uma análise criteriosa das necessidades do laboratório — considerando precisão, faixa de operação, desempenho e custo — para especificar os equipamentos de forma assertiva.</p>



<figure class="wp-block-embed is-type-video is-provider-youtube wp-block-embed-youtube wp-embed-aspect-16-9 wp-has-aspect-ratio"><div class="wp-block-embed__wrapper">
<span class="koMCE4KJH8uU1cdVBRhzNsAWQxtn9fmIpZbeglTPySGYqXFj536w0OLav2r7D"><iframe title="103 - Análise e Especificação de Equipamentos para sua Bancada de Eletrônica" width="640" height="360" src="https://www.youtube.com/embed/gZjn_Jx4kgM?feature=oembed" frameborder="0" allow="accelerometer; autoplay; clipboard-write; encrypted-media; gyroscope; picture-in-picture; web-share" referrerpolicy="strict-origin-when-cross-origin" allowfullscreen></iframe></span>
</div></figure>

<p>Antes de escolher um equipamento, é essencial entender o que realmente se espera dele. Nesta bancada especial vamos receber Rodrigo para discutir como realizar uma análise criteriosa das necessidades do laboratório — considerando precisão, faixa de operação, desempenho e custo — para especificar os equipamentos de forma assertiva.</p>
